e ((-6)/(-5))/(9/150). Let q(n) = n**3 + 6*n**2 + 2. Let c be q(-6). Suppose k = c*w - w. What is the highest common factor of w and 4?
4
Let r(l) = l**3 + l**2 + 3*l - 2. Let h(j) = -j**3 - 2*j + 3. Let g(y) = -7*h(y) - 6*r(y). Let c be g(7). What is the greatest common factor of 4 and c?
4
Let b be (4 - 18)*1/(-2). Calculate the highest common divisor of b and 21.
7
Suppose -4*l + 3*z + 28 = -z, -4*z = -5*l + 33. Calculate the highest common divisor of l and 20.
5
Let b(f) = 6*f**2 - 5*f - 3. Let l be b(-3). Let v be l*(-5)/(-2) - 0. What is the greatest common factor of 15 and v?
15
Let b be (-7)/((-105)/(-6))*-5. Suppose -49 = -5*h + 3*l, -b*h + 2*l + 17 = -1. Calculate the greatest common factor of h and 88.
11
Let y be -50*1*(11 + -12). What is the greatest common divisor of 10 and y?
10
Let b(n) = 3*n**2 - 3*n + 1. Let g be b(1). Calculate the highest common divisor of 7 and g.
1
Let x be (-3 + -18)/((-9)/6). Calculate the highest common divisor of x and 2.
2
Let c = -204 + 391. Let j be -22 + 2 - (0 + 2). Let x = 39 + j. What is the highest common factor of c and x?
17
Let z = -8 + 11. Let f(o) = -o**2 + 5*o + 4. Let x be f(4). Let p = x - z. What is the highest common factor of 15 and p?
5
Suppose -5*m = -n + 18, 4*m - 6*m + 2 = 0. Suppose -2*i - 2*v + 155 + 73 = 0, 349 = 3*i - 4*v. Calculate the highest common divisor of i and n.
23
Suppose -i - 7*f = -2*f - 29, 4*i + f = 78. Calculate the greatest common divisor of 57 and i.
19
Suppose -98 = -4*y + 10. What is the greatest common divisor of y and 36?
9
Let r(f) = -f**3 - 17*f**2 + 18*f + 6. Let v be r(-18). What is the greatest common divisor of v and 54?
6
Suppose 5*u + t - 294 = 0, 0 = 2*u + 3*u - 4*t - 274. Let r be (-30)/(-40) - u/(-8). Calculate the greatest common divisor of 72 and r.
8
Let s(o) = -1 + o + 4 + 0. Let n be s(-3). Suppose -3*w + 28 + 71 = n. What is the greatest common factor of w and 22?
11
Let z(u) = 2*u**3 - 12*u**2 + 3*u - 8. Let l be z(6). What is the greatest common divisor of 110 and l?
10
Suppose -5*r + 1216 = -r. Suppose -r = -d - d. Let j = -101 + d. Calculate the greatest common factor of 17 and j.
17
Let h(y) = 9*y**2 - y. Let p be h(-1). Let d be 204/5 + (-4)/5. Calculate the greatest common factor of d and p.
10
Suppose 2*t + 42 = 5*w + 3*t, 0 = -3*w + 2*t + 20. Let k be 1 + 1 + 3/(-3). What is the greatest common divisor of k and w?
1
Let x(r) = r + 1. Let j = 1 - 2. Let i be (-1 - 0)/(j/1). Let v be x(i). Calculate the greatest common divisor of v and 2.
2
Suppose 0 = -5*a - v + 116 - 33, v = a - 13. What is the greatest common divisor of 128 and a?
16
Suppose 0 = -5*y + 5*t - 15, 3*y + 4*t = 2*t - 9. Let x be 18 + 0*y/(-9). Let c be (-2)/(-4)*x/1. What is the greatest common factor of c and 6?
3
Let b(m) = -m + 48. Suppose -g = -0*g. Let z be b(g). Suppose 5*y + 4*k = 50 + 22, -5*y + 4*k = -88. What is the greatest common divisor of y and z?
16
Let a be 4/(1 + -3) - -7. Let r(o) = o**2 - 4*o - 4. Let m be r(a). Calculate the greatest common divisor of 3 and m.
1
Let r(k) be the second derivative of 14*k**3 - 5*k. Let v be r(1). Calculate the highest common divisor of 21 and v.
21
Let c = -364 + 136. Let z = -102 - c. Calculate the highest common divisor of 18 and z.
18
Suppose 32 = 2*a - 2*o, -55 = -4*a + 3*o + 14. What is the highest common factor of 105 and a?
21
Let n be 6/(-15) + 244/10. Let o be (-12)/n*(-145 - -1). What is the highest common factor of o and 18?
18
Let d = 9 + -7. Suppose -d = g - 5. What is the highest common divisor of g and 3?
3
Let m = -76 - -5. Let f = -51 - m. What is the greatest common factor of 140 and f?
20
Let c be 4/(-10) - 12/(-5). Suppose -5*j + 4*b + 17 - 4 = 0, -2*j + b + 4 = 0. Let g = c + j. What is the greatest common factor of 30 and g?
3
Let q be 7 + (0/1 - 0)/2. Calculate the greatest common divisor of q and 56.
7
Suppose -6*k + 4*q = -4*k - 352, -4*k + 692 = -5*q. Suppose 4*f = f + k. Let j = 13 + -5. What is the greatest common divisor of j and f?
8
Let t(a) = a**2 - a + 10. Let w be t(-7). Suppose -2*n + 78 = -w. What is the greatest common factor of 9 and n?
9
Suppose 4*g + 228 = -3*q + 94, -20 = 4*g. Let s = q - -83. Calculate the highest common factor of s and 30.
15
Let x(l) be the second derivative of l**4/4 - l**3/3 + l**2/2 - 3*l. Let j be x(2). Let g be 64 - 1/(2 - 1). What is the highest common factor of g and j?
9
Suppose -p = p - 28. Let j(s) = s**2 - s - s + 2*s - 4*s - 14. Let g be j(14). Calculate the greatest common divisor of g and p.
14
Suppose -2*f + 120 = 30. Suppose 0 = -3*n + f + 75. What is the greatest common divisor of n and 8?
8
Let w(r) = 80*r**3 - r + 1. Let b be w(1). Calculate the highest common divisor of b and 16.
16
Let s(g) = -g**2 - 12*g - 12. Suppose -3*x + 0 = 9. Let o(i) = -2*i**2 - 3*i - 1. Let b be o(x). Let v be s(b). What is the highest common divisor of 24 and v?
8
Let o be (21 + -18)/(6/22). What is the highest common divisor of 44 and o?
11
Suppose b = 4*g + 120, -7*g = 4*b - 12*g - 425. What is the greatest common factor of b and 125?
25
Suppose 0 = -7*r - 7*r + 98. Calculate the greatest common divisor of 91 and r.
7
Let v be -1 - 623 - 3*1. Let q be v/(-12) + (-4)/16. Suppose 5*z - 3*n - q = 0, 11 = -z - 5*n - 1. Calculate the highest common factor of 20 and z.
4
Suppose 0 = -3*d - 3*b + 2 - 5, -1 = 5*d + 3*b. Calculate the greatest common factor of d and 9.
1
Let s be ((-49)/2)/7*-2. What is the highest common factor of s and 28?
7
Let m(g) = -73*g - 3. Suppose 5*x = x + 4*v - 4, -6 = 5*x - 4*v. Let j be m(x). What is the greatest common factor of j and 13?
13
Suppose 4*m - 2*z + 10 = 0, 4*m - 4*z = 5*m + 7. Let l be (m/2)/((-15)/100). Suppose 5*k - 470 = -20. Calculate the highest common divisor of k and l.
10
Let g(l) = l**3 + 4*l**2 - 4*l + 4. Let o be g(-5). Let n be (18 - 1)*(o + 2). Let s be ((-1)/(-2))/((-1)/(-34)). What is the highest common factor of s and n?
17
Let n be 18/8 - (-5)/(-20). Suppose -5*i = -n*x - 12, -3*i + 6*i + 5*x = 1. What is the greatest common divisor of 4 and i?
2
Suppose 0 = -3*m + 4*w + 34, 1 + 2 = m - 3*w. What is the highest common divisor of 72 and m?
18
Let g(l) = -l**3 - 7*l**2 - 5*l - 7. Let s be g(-6). Let k = s - -81. What is the highest common divisor of 17 and k?
17
Let a = -36 - -40. What is the greatest common divisor of 10 and a?
2
Let o = 13 + -11. Suppose o*u = -l - l + 80, 0 = -5*l - 10. Calculate the highest common factor of 63 and u.
21
Let m = -22 + 87. Suppose 0 = 2*x + v + 3, -2*x - 2*v + 0*v = 0. Let d(s) = 2*s**2 - 3*s - 1. Let c be d(x). Calculate the greatest common divisor of c and m.
13
Let b = -27 - -31. What is the greatest common factor of b and 1?
1
Let s(z) = z**3 - 5*z**2 - 9*z + 4. Let w be s(6). Let f = 26 + w. Calculate the greatest common divisor of 18 and f.
6
Suppose 4*c - 6*c = 5*g - 29, -5*c + 3*g + 88 = 0. Let a = 12 - 5. Let s be a/(-3 + (-104)/(-34)). What is the greatest common factor of c and s?
17
Let c(l) = -l**3 - 4*l**2 + 8*l + 5. Let z be c(-6). What is the greatest common divisor of z and 116?
29
Suppose -16 = -4*c - 3*w, -4*c = -c + 5*w - 23. Let p(g) = -g**2 + 14*g - 5. Let q be p(13). Calculate the greatest common factor of q and c.
1
Let o be (-5)/(-4) + 18/24. Suppose 2*p = 5*a + 27, o*p + 10 = -3*p - 3*a. Let u be p/4 - 129/(-12). What is the greatest common divisor of u and 121?
11
Suppose 4*u - 46 - 12 = 2*o, 2*o = -2. Calculate the highest common factor of 98 and u.
14
Let i(h) = -h**2 - 3*h. Let j be i(-8). Let b = j - -57. What is the greatest common factor of 136 and b?
17
Let y be 514/4 + 1/(-2). Suppose -g - 10 = -14. Suppose d - n = -5*n + g, 3*d + 5*n = 33. Calculate the highest common divisor of y and d.
16
Suppose 9*g - 215 = 91. Calculate the highest common factor of g and 51.
17
Suppose 4*o - 2 = -5*j - 17, 5*j = -5*o - 15. Let c be 1 - (-1 - 11)/j. Let s be -1*1 + c + 44. What is the highest common divisor of s and 16?
8
Let c(v) = 2*v + 1. Let a be c(1). Suppose 1 = -4*o + 13. Calculate the greatest common factor of a and o.
3
Let b(q) = -q**3 - 12*q**2 - 10*q + 13. Let h be b(-11). Suppose 4*x - 2*a - 20 = 0, 2*x + h*a = 3 + 1. What is the highest common factor of x and 12?
4
Suppose -3*t - t = 0. Suppose t = -3*g + 72 + 54. What is the high